{"id":90,"date":"2025-06-02T14:52:39","date_gmt":"2025-06-02T14:52:39","guid":{"rendered":"https:\/\/rosemaryankara.com\/?page_id=90"},"modified":"2025-06-03T06:28:49","modified_gmt":"2025-06-03T06:28:49","slug":"iletisim","status":"publish","type":"page","link":"https:\/\/rosemaryankara.com\/index.php\/iletisim\/","title":{"rendered":"\u0130leti\u015fim"},"content":{"rendered":"\t\t<div data-elementor-type=\"wp-page\" data-elementor-id=\"90\" class=\"elementor elementor-90\">\n\t\t\t\t<div class=\"elementor-element elementor-element-cf50512 e-flex e-con-boxed e-con e-parent\" data-id=\"cf50512\" data-element_type=\"container\">\n\t\t\t\t\t<div class=\"e-con-inner\">\n\t\t\t\t<div class=\"elementor-element elementor-element-a40a6dc elementor-widget elementor-widget-heading\" data-id=\"a40a6dc\" data-element_type=\"widget\" data-widget_type=\"heading.default\">\n\t\t\t\t<div class=\"elementor-widget-container\">\n\t\t\t\t\t<h5 class=\"elementor-heading-title elementor-size-default\"><strong>Rosemary Wedding Event Hall Ankara<\/strong><br>Adres: Ye\u015filkent, 555.Cadde K\u00fcme Evler No:297, 06370 \u00c7ankaya\/Ankara<br>Telefon: 0532 469 58 44<\/h5>\t\t\t\t<\/div>\n\t\t\t\t<\/div>\n\t\t\t\t\t<\/div>\n\t\t\t\t<\/div>\n\t\t<div class=\"elementor-element elementor-element-3903207 e-grid e-con-boxed e-con e-parent\" data-id=\"3903207\" data-element_type=\"container\">\n\t\t\t\t\t<div class=\"e-con-inner\">\n\t\t\t\t<div class=\"elementor-element elementor-element-34a9509 elementor-widget elementor-widget-google_maps\" data-id=\"34a9509\" data-element_type=\"widget\" data-widget_type=\"google_maps.default\">\n\t\t\t\t<div class=\"elementor-widget-container\">\n\t\t\t\t\t\t\t<div class=\"elementor-custom-embed\">\n\t\t\t<iframe loading=\"lazy\"\n\t\t\t\t\tsrc=\"https:\/\/maps.google.com\/maps?q=Ye%C5%9Filkent%2C%20555%20cadde%20k%C3%BCme%20evler%20no%3A297%2C%2006370%20%C3%87ankaya%2FAnkara&#038;t=m&#038;z=10&#038;output=embed&#038;iwloc=near\"\n\t\t\t\t\ttitle=\"Ye\u015filkent, 555 cadde k\u00fcme evler no:297, 06370 \u00c7ankaya\/Ankara\"\n\t\t\t\t\taria-label=\"Ye\u015filkent, 555 cadde k\u00fcme evler no:297, 06370 \u00c7ankaya\/Ankara\"\n\t\t\t><\/iframe>\n\t\t<\/div>\n\t\t\t\t\t\t<\/div>\n\t\t\t\t<\/div>\n\t\t\t\t\t<\/div>\n\t\t\t\t<\/div>\n\t\t\t\t<\/div>\n\t\t","protected":false},"excerpt":{"rendered":"<p>Rosemary Wedding Event Hall AnkaraAdres: Ye\u015filkent, 555.Cadde K\u00fcme Evler No:297, 06370 \u00c7ankaya\/AnkaraTelefon: 0532 469 58 44<\/p>\n","protected":false},"author":1,"featured_media":0,"parent":0,"menu_order":0,"comment_status":"closed","ping_status":"closed","template":"","meta":{"footnotes":""},"class_list":["post-90","page","type-page","status-publish","hentry"],"_links":{"self":[{"href":"https:\/\/rosemaryankara.com\/index.php\/wp-json\/wp\/v2\/pages\/90","targetHints":{"allow":["GET"]}}],"collection":[{"href":"https:\/\/rosemaryankara.com\/index.php\/wp-json\/wp\/v2\/pages"}],"about":[{"href":"https:\/\/rosemaryankara.com\/index.php\/wp-json\/wp\/v2\/types\/page"}],"author":[{"embeddable":true,"href":"https:\/\/rosemaryankara.com\/index.php\/wp-json\/wp\/v2\/users\/1"}],"replies":[{"embeddable":true,"href":"https:\/\/rosemaryankara.com\/index.php\/wp-json\/wp\/v2\/comments?post=90"}],"version-history":[{"count":10,"href":"https:\/\/rosemaryankara.com\/index.php\/wp-json\/wp\/v2\/pages\/90\/revisions"}],"predecessor-version":[{"id":166,"href":"https:\/\/rosemaryankara.com\/index.php\/wp-json\/wp\/v2\/pages\/90\/revisions\/166"}],"wp:attachment":[{"href":"https:\/\/rosemaryankara.com\/index.php\/wp-json\/wp\/v2\/media?parent=90"}],"curies":[{"name":"wp","href":"https:\/\/api.w.org\/{rel}","templated":true}]}}