{"id":86,"date":"2025-06-02T14:50:21","date_gmt":"2025-06-02T14:50:21","guid":{"rendered":"https:\/\/rosemaryankara.com\/?page_id=86"},"modified":"2025-06-03T06:34:17","modified_gmt":"2025-06-03T06:34:17","slug":"hizmetlerimiz","status":"publish","type":"page","link":"https:\/\/rosemaryankara.com\/index.php\/hizmetlerimiz\/","title":{"rendered":"Hizmetlerimiz"},"content":{"rendered":"\t\t<div data-elementor-type=\"wp-page\" data-elementor-id=\"86\" class=\"elementor elementor-86\">\n\t\t\t\t<div class=\"elementor-element elementor-element-433129a9 e-flex e-con-boxed e-con e-parent\" data-id=\"433129a9\" data-element_type=\"container\">\n\t\t\t\t\t<div class=\"e-con-inner\">\n\t\t\t\t<div class=\"elementor-element elementor-element-3be5066b elementor-widget elementor-widget-text-editor\" data-id=\"3be5066b\" data-element_type=\"widget\" data-widget_type=\"text-editor.default\">\n\t\t\t\t<div class=\"elementor-widget-container\">\n\t\t\t\t\t\t\t\t\t<p>H\u0130ZMETLER\u0130M\u0130Z<\/p><ul class=\"mt-10\" style=\"box-sizing: inherit; letter-spacing: -0.2px; list-style-type: none; color: #1a1a1a; font-family: Arial, 'dejavu sans', verdana, roboto, sans\u2011serif; font-size: 15px; column-count: 2; margin: 10px !important 0px 0px 0px;\"><li class=\"is-flex fs-16 has-text-grey-dark has-text-weight-normal mb-5 mx-20\" style=\"box-sizing: inherit; letter-spacing: -0.2px; padding: 0px; color: #4a4a4a !important; font-size: 16px !important; display: flex !important; margin: 0px 20px !important 5px !important 20px !important;\"><span class=\"has-text-grey-darken mr-10\" style=\"box-sizing: inherit; letter-spacing: -0.2px; font-style: inherit; font-weight: inherit; color: #444444 !important; margin-right: 10px !important;\">\u2022<\/span>\u00c7i\u00e7ek bah\u00e7esi s\u00fcslemesi yap\u0131yor.<\/li><li class=\"is-flex fs-16 has-text-grey-dark has-text-weight-normal mb-5 mx-20\" style=\"box-sizing: inherit; letter-spacing: -0.2px; padding: 0px; color: #4a4a4a !important; font-size: 16px !important; display: flex !important; margin: 0px 20px !important 5px !important 20px !important;\"><span class=\"has-text-grey-darken mr-10\" style=\"box-sizing: inherit; letter-spacing: -0.2px; font-style: inherit; font-weight: inherit; color: #444444 !important; margin-right: 10px !important;\">\u2022<\/span>Zeminde do\u011fal \u00e7im kullan\u0131yor.<\/li><li class=\"is-flex fs-16 has-text-grey-dark has-text-weight-normal mb-5 mx-20\" style=\"box-sizing: inherit; letter-spacing: -0.2px; padding: 0px; color: #4a4a4a !important; font-size: 16px !important; display: flex !important; margin: 0px 20px !important 5px !important 20px !important;\"><span class=\"has-text-grey-darken mr-10\" style=\"box-sizing: inherit; letter-spacing: -0.2px; font-style: inherit; font-weight: inherit; color: #444444 !important; margin-right: 10px !important;\">\u2022<\/span>A\u00e7\u0131l\u0131r-kapan\u0131r tavan\u0131 var.<\/li><li class=\"is-flex fs-16 has-text-grey-dark has-text-weight-normal mb-5 mx-20\" style=\"box-sizing: inherit; letter-spacing: -0.2px; padding: 0px; color: #4a4a4a !important; font-size: 16px !important; display: flex !important; margin: 0px 20px !important 5px !important 20px !important;\"><span class=\"has-text-grey-darken mr-10\" style=\"box-sizing: inherit; letter-spacing: -0.2px; font-style: inherit; font-weight: inherit; color: #444444 !important; margin-right: 10px !important;\">\u2022<\/span>\u00d6zel a\u00e7\u0131k nikah alan\u0131 var.<\/li><li class=\"is-flex fs-16 has-text-grey-dark has-text-weight-normal mb-5 mx-20\" style=\"box-sizing: inherit; letter-spacing: -0.2px; padding: 0px; color: #4a4a4a !important; font-size: 16px !important; display: flex !important; margin: 0px 20px !important 5px !important 20px !important;\"><span class=\"has-text-grey-darken mr-10\" style=\"box-sizing: inherit; letter-spacing: -0.2px; font-style: inherit; font-weight: inherit; color: #444444 !important; margin-right: 10px !important;\">\u2022<\/span>Men\u00fc tad\u0131m\u0131 yap\u0131labiliyor.<\/li><li class=\"is-flex fs-16 has-text-grey-dark has-text-weight-normal mb-5 mx-20\" style=\"box-sizing: inherit; letter-spacing: -0.2px; padding: 0px; color: #4a4a4a !important; font-size: 16px !important; display: flex !important; margin: 0px 20px !important 5px !important 20px !important;\"><span class=\"has-text-grey-darken mr-10\" style=\"box-sizing: inherit; letter-spacing: -0.2px; font-style: inherit; font-weight: inherit; color: #444444 !important; margin-right: 10px !important;\">\u2022<\/span>B\u00fcy\u00fck dans pistine sahip.<\/li><li class=\"is-flex fs-16 has-text-grey-dark has-text-weight-normal mb-5 mx-20\" style=\"box-sizing: inherit; letter-spacing: -0.2px; padding: 0px; color: #4a4a4a !important; font-size: 16px !important; display: flex !important; margin: 0px 20px !important 5px !important 20px !important;\"><span class=\"has-text-grey-darken mr-10\" style=\"box-sizing: inherit; letter-spacing: -0.2px; font-style: inherit; font-weight: inherit; color: #444444 !important; margin-right: 10px !important;\">\u2022<\/span>Canl\u0131 m\u00fczik \/ DJ se\u00e7ene\u011fi var.<\/li><li class=\"is-flex fs-16 has-text-grey-dark has-text-weight-normal mb-5 mx-20\" style=\"box-sizing: inherit; letter-spacing: -0.2px; padding: 0px; color: #4a4a4a !important; font-size: 16px !important; display: flex !important; margin: 0px 20px !important 5px !important 20px !important;\"><span class=\"has-text-grey-darken mr-10\" style=\"box-sizing: inherit; letter-spacing: -0.2px; font-style: inherit; font-weight: inherit; color: #444444 !important; margin-right: 10px !important;\">\u2022<\/span>I\u015f\u0131k \u015fovuyla renk kat\u0131yor.<\/li><\/ul>\t\t\t\t\t\t\t\t<\/div>\n\t\t\t\t<\/div>\n\t\t\t\t\t<\/div>\n\t\t\t\t<\/div>\n\t\t\t\t<\/div>\n\t\t","protected":false},"excerpt":{"rendered":"<p>H\u0130ZMETLER\u0130M\u0130Z \u2022\u00c7i\u00e7ek bah\u00e7esi s\u00fcslemesi yap\u0131yor. \u2022Zeminde do\u011fal \u00e7im kullan\u0131yor. \u2022A\u00e7\u0131l\u0131r-kapan\u0131r tavan\u0131 var. \u2022\u00d6zel a\u00e7\u0131k nikah alan\u0131 var. \u2022Men\u00fc tad\u0131m\u0131 yap\u0131labiliyor. \u2022B\u00fcy\u00fck dans pistine sahip. \u2022Canl\u0131 m\u00fczik \/ DJ se\u00e7ene\u011fi var. \u2022I\u015f\u0131k \u015fovuyla renk kat\u0131yor.<\/p>\n","protected":false},"author":1,"featured_media":0,"parent":0,"menu_order":0,"comment_status":"closed","ping_status":"closed","template":"","meta":{"footnotes":""},"class_list":["post-86","page","type-page","status-publish","hentry"],"_links":{"self":[{"href":"https:\/\/rosemaryankara.com\/index.php\/wp-json\/wp\/v2\/pages\/86","targetHints":{"allow":["GET"]}}],"collection":[{"href":"https:\/\/rosemaryankara.com\/index.php\/wp-json\/wp\/v2\/pages"}],"about":[{"href":"https:\/\/rosemaryankara.com\/index.php\/wp-json\/wp\/v2\/types\/page"}],"author":[{"embeddable":true,"href":"https:\/\/rosemaryankara.com\/index.php\/wp-json\/wp\/v2\/users\/1"}],"replies":[{"embeddable":true,"href":"https:\/\/rosemaryankara.com\/index.php\/wp-json\/wp\/v2\/comments?post=86"}],"version-history":[{"count":9,"href":"https:\/\/rosemaryankara.com\/index.php\/wp-json\/wp\/v2\/pages\/86\/revisions"}],"predecessor-version":[{"id":172,"href":"https:\/\/rosemaryankara.com\/index.php\/wp-json\/wp\/v2\/pages\/86\/revisions\/172"}],"wp:attachment":[{"href":"https:\/\/rosemaryankara.com\/index.php\/wp-json\/wp\/v2\/media?parent=86"}],"curies":[{"name":"wp","href":"https:\/\/api.w.org\/{rel}","templated":true}]}}