{"id":84,"date":"2025-06-02T14:50:02","date_gmt":"2025-06-02T14:50:02","guid":{"rendered":"https:\/\/rosemaryankara.com\/?page_id=84"},"modified":"2025-06-03T06:35:05","modified_gmt":"2025-06-03T06:35:05","slug":"hakkimizda","status":"publish","type":"page","link":"https:\/\/rosemaryankara.com\/index.php\/hakkimizda\/","title":{"rendered":"Hakk\u0131m\u0131zda"},"content":{"rendered":"\t\t<div data-elementor-type=\"wp-page\" data-elementor-id=\"84\" class=\"elementor elementor-84\">\n\t\t\t\t<div class=\"elementor-element elementor-element-24692f8 e-grid e-con-boxed e-con e-parent\" data-id=\"24692f8\" data-element_type=\"container\">\n\t\t\t\t\t<div class=\"e-con-inner\">\n\t\t\t\t<div class=\"elementor-element elementor-element-899b32d elementor-widget elementor-widget-heading\" data-id=\"899b32d\" data-element_type=\"widget\" data-widget_type=\"heading.default\">\n\t\t\t\t<div class=\"elementor-widget-container\">\n\t\t\t\t\t<h6 class=\"elementor-heading-title elementor-size-default\">HAKKIMIZDA<br><em><strong>Hayat\u0131n\u0131z\u0131n en \u00f6zel g\u00fcnlerinden birinde konuklar\u0131n\u0131z ile doyas\u0131ya e\u011flenece\u011finiz bir davet i\u00e7in yan\u0131n\u0131zda. Bug\u00fcne kadar yeni bir sayfa a\u00e7t\u0131\u011f\u0131n\u0131z davetlerinize memnuniyetle ev sahipli\u011fi yapt\u0131k. Bu \u00f6zel g\u00fcn\u00fcn sizin i\u00e7in ne kadar b\u00fcy\u00fck bir anlam ifade etti\u011fini biliyoruz. Bu nedenle de g\u00fcler y\u00fczl\u00fc ve deneyimli ekibimiz ile davet boyunca yan\u0131n\u0131zda oluyoruz. E\u011fer sizin de davetinizi d\u00fczenlemek i\u00e7in tercihiniz Rosemary ise sayfada yer alan ileti\u015fim bilgilerimizi kullanarak bize ula\u015fabilirsiniz!<\/strong><\/em><\/h6>\t\t\t\t<\/div>\n\t\t\t\t<\/div>\n\t\t\t\t\t<\/div>\n\t\t\t\t<\/div>\n\t\t\t\t<\/div>\n\t\t","protected":false},"excerpt":{"rendered":"<p>HAKKIMIZDAHayat\u0131n\u0131z\u0131n en \u00f6zel g\u00fcnlerinden birinde konuklar\u0131n\u0131z ile doyas\u0131ya e\u011flenece\u011finiz bir davet i\u00e7in yan\u0131n\u0131zda. Bug\u00fcne kadar yeni bir sayfa a\u00e7t\u0131\u011f\u0131n\u0131z davetlerinize memnuniyetle ev sahipli\u011fi yapt\u0131k. Bu \u00f6zel g\u00fcn\u00fcn sizin i\u00e7in ne kadar b\u00fcy\u00fck bir anlam ifade etti\u011fini biliyoruz. Bu nedenle de g\u00fcler y\u00fczl\u00fc ve deneyimli ekibimiz ile davet boyunca yan\u0131n\u0131zda oluyoruz.<\/p>\n<p class=\"more-link\"><a href=\"https:\/\/rosemaryankara.com\/index.php\/hakkimizda\/\" class=\"readmore\">Devam<svg class=\"icon icon-arrow-right\" aria-hidden=\"true\" role=\"img\"> <use href=\"#icon-arrow-right\" xlink:href=\"#icon-arrow-right\"><\/use> <\/svg><span class=\"screen-reader-text\">Hakk\u0131m\u0131zda<\/span><\/a><\/p>\n","protected":false},"author":1,"featured_media":0,"parent":0,"menu_order":0,"comment_status":"closed","ping_status":"closed","template":"","meta":{"footnotes":""},"class_list":["post-84","page","type-page","status-publish","hentry"],"_links":{"self":[{"href":"https:\/\/rosemaryankara.com\/index.php\/wp-json\/wp\/v2\/pages\/84","targetHints":{"allow":["GET"]}}],"collection":[{"href":"https:\/\/rosemaryankara.com\/index.php\/wp-json\/wp\/v2\/pages"}],"about":[{"href":"https:\/\/rosemaryankara.com\/index.php\/wp-json\/wp\/v2\/types\/page"}],"author":[{"embeddable":true,"href":"https:\/\/rosemaryankara.com\/index.php\/wp-json\/wp\/v2\/users\/1"}],"replies":[{"embeddable":true,"href":"https:\/\/rosemaryankara.com\/index.php\/wp-json\/wp\/v2\/comments?post=84"}],"version-history":[{"count":17,"href":"https:\/\/rosemaryankara.com\/index.php\/wp-json\/wp\/v2\/pages\/84\/revisions"}],"predecessor-version":[{"id":175,"href":"https:\/\/rosemaryankara.com\/index.php\/wp-json\/wp\/v2\/pages\/84\/revisions\/175"}],"wp:attachment":[{"href":"https:\/\/rosemaryankara.com\/index.php\/wp-json\/wp\/v2\/media?parent=84"}],"curies":[{"name":"wp","href":"https:\/\/api.w.org\/{rel}","templated":true}]}}